9
List the prime factors of 1154049.
3, 13, 127, 233
List the prime factors of 226918.
2, 23, 4933
What are the prime factors of 19878904?
2, 2484863
List the prime factors of 5972639.
2179, 2741
What are the prime factors of 1002643?
17, 58979
What are the prime factors of 106743?
3, 7, 13, 17, 23
What are the prime factors of 158048?
2, 11, 449
List the prime factors of 4372819.
11, 71, 509
List the prime factors of 11277457.
89, 126713
What are the prime factors of 597387?
3, 7, 28447
What are the prime factors of 2053587?
3, 97, 7057
What are the prime factors of 644230?
2, 5, 23, 2801
What are the prime factors of 26467750?
2, 5, 105871
List the prime factors of 78001.
7, 11, 1013
List the prime factors of 30636789.
3, 29, 12143
List the prime factors of 200876.
2, 13, 3863
List the prime factors of 241892.
2, 7, 53, 163
List the prime factors of 1214241.
3, 7, 67, 863
List the prime factors of 151524.
2, 3, 23, 61
What are the prime factors of 592696?
2, 13, 41, 139
What are the prime factors of 26146369?
61, 428629
What are the prime factors of 7544164?
2, 41, 157, 293
What are the prime factors of 39505?
5, 7901
What are the prime factors of 1261858?
2, 13, 48533
What are the prime factors of 12261934?
2, 6130967
What are the prime factors of 1496192?
2, 11689
List the prime factors of 7856611.
7, 109, 1471
What are the prime factors of 17895841?
17895841
What are the prime factors of 1453900?
2, 5, 7, 31, 67
What are the prime factors of 1813?
7, 37
What are the prime factors of 32695913?
17, 1923289
List the prime factors of 13147421.
7, 23, 127, 643
What are the prime factors of 708349?
283, 2503
List the prime factors of 3470366.
2, 1735183
What are the prime factors of 1839135?
3, 5, 122609
List the prime factors of 28854.
2, 3, 7, 229
List the prime factors of 791697.
3, 263899
List the prime factors of 31039373.
89, 348757
List the prime factors of 1101493.
23, 83, 577
List the prime factors of 388425.
3, 5, 5179
What are the prime factors of 4105321?
11, 373211
What are the prime factors of 1187608?
2, 29, 5119
List the prime factors of 92923.
43, 2161
What are the prime factors of 375802?
2, 7, 17, 1579
List the prime factors of 580856.
2, 17, 4271
What are the prime factors of 1362208?
2, 42569
List the prime factors of 16413937.
163, 100699
What are the prime factors of 157077?
3, 31, 563
What are the prime factors of 6999276?
2, 3, 583273
List the prime factors of 927498.
2, 3, 11, 13, 23, 47
What are the prime factors of 15250193?
7, 2178599
List the prime factors of 15728387.
15728387
List the prime factors of 71853.
3, 43, 557
List the prime factors of 532662.
2, 3, 13, 6829
What are the prime factors of 691612?
2, 43, 4021
List the prime factors of 418712.
2, 7, 7477
List the prime factors of 44932.
2, 47, 239
List the prime factors of 6492059.
7, 132491
List the prime factors of 1856474.
2, 61, 15217
What are the prime factors of 41566188?
2, 3, 3463849
List the prime factors of 12055915.
5, 311, 7753
What are the prime factors of 17745359?
17745359
What are the prime factors of 4711962?
2, 3, 19, 41333
What are the prime factors of 2305781?
2305781
List the prime factors of 28313040.
2, 3, 5, 7, 19, 887
List the prime factors of 12258853.
17, 721109
List the prime factors of 487408.
2, 41, 743
What are the prime factors of 19071148?
2, 67, 71161
List the prime factors of 1456416.
2, 3, 13, 389
List the prime factors of 14948776.
2, 563, 3319
List the prime factors of 1998486.
2, 3, 7, 17, 311
What are the prime factors of 665553?
3, 7, 41, 773
What are the prime factors of 3825180?
2, 3, 5, 79, 269
List the prime factors of 260712.
2, 3, 17, 71
List the prime factors of 694836.
2, 3, 19301
What are the prime factors of 9271886?
2, 13, 19, 137
List the prime factors of 4275621.
3, 7, 67867
What are the prime factors of 859358?
2, 429679
What are the prime factors of 417968?
2, 151, 173
What are the prime factors of 14718614?
2, 31, 47, 5051
What are the prime factors of 524120?
2, 5, 13103
List the prime factors of 254434.
2, 127217
What are the prime factors of 3259778?
2, 137, 11897
What are the prime factors of 4476258?
2, 3, 149, 1669
What are the prime factors of 841323?
3, 7, 40063
List the prime factors of 2023097.
2023097
What are the prime factors of 25907237?
29, 139, 6427
List the prime factors of 318846.
2, 3, 11, 4831
List the prime factors of 383835.
3, 5, 25589
What are the prime factors of 648446?
2, 324223
What are the prime factors of 3123838?
2, 1561919
What are the prime factors of 1588765?
5, 29, 10957
List the prime factors of 5084316.
2, 3, 179, 263
What are the prime factors of 23616992?
2, 7, 59, 1787
List the prime factors of 1360876.
2, 11, 157, 197
List the prime factors of 8302146.
2, 3, 1383691
List the prime factors of 1238855.
5, 247771
What are the prime factors of 14182897?
317, 44741
What are the prime factors of 148532?
2, 71, 523
List the prime factors of 201108.
2, 3, 16759
What are the prime factors of 1567354?
2, 783677
What are the prime factors of 19161562?
2, 7, 1368683
List the prime factors of 411411.
3, 7, 11, 13, 137
What are the prime factors of 4046626?
2, 2023313
List the prime factors of 111079.
113, 983
What are the prime factors of 8044519?
7, 17, 67601
List the prime factors of 352327.
352327
List the prime factors of 52422.
2, 3, 8737
List the prime factors of 1939310.
2, 5, 89, 2179
List the prime factors of 129341.
129341
What are the prime factors of 3121303?
3121303
List the prime factors of 3086014.
2, 1543007
What are the prime factors of 1780317?
3, 7, 11, 367
List the prime factors of 7812718.
2, 409, 9551
List the prime factors of 1264261.
1264261
List the prime factors of 462503.
317, 1459
List the prime factors of 107705.
5, 13, 1657
What are the prime factors of 2199885?
3, 5, 17, 8627
What are the prime factors of 59464?
2, 7433
What are the prime factors of 417629?
29, 14401
List the prime factors of 7356260.
2, 5, 103, 3571
What are the prime factors of 218915?
5, 43783
What are the prime factors of 14450631?
3, 13, 370529
What are the prime factors of 302147?
73, 4139
What are the prime factors of 650040?
2, 3, 5, 5417
List the prime factors of 81543.
3, 7, 11, 353
What are the prime factors of 16862180?
2, 5, 251, 3359
What are the prime factors of 416178?
2, 3, 7, 367
List the prime factors of 3368252.
2, 842063
List the prime factors of 1467755.
5, 373, 787
List the prime factors of 30579.
3, 10193
List the prime factors of 3275414.
2, 1637707
What are the prime factors of 382702?
2, 179, 1069
List the prime factors of 1851329.
1851329
What are the prime factors of 4969132?
2, 7, 103, 1723
List the prime factors of 8433647.
2371, 3557
List the prime factors of 152580.
2, 3, 5, 2543
List the prime factors of 287503.
287503
What are the prime factors of 3859720?
2, 5, 96493
List the prime factors of 14173068.
2, 3, 7, 13, 12979
List the prime factors of 15269085.
3, 5, 13, 43, 607
List the prime factors of 4915494.
2, 3, 273083
List the prime factors of 6130745.
5, 29, 42281
List the prime factors of 309576.
2, 3, 12899
What are the prime factors of 14750358?
2, 3, 7, 31, 11329
List the prime factors of 328473.
3, 36497
What are the prime factors of 35230172?
2, 157, 56099
List the prime factors of 6175718.
2, 3087859
List the prime factors of 877622.
2, 137, 3203
List the prime factors of 1427583.
3, 29, 61, 269
List the prime factors of 371513.
371513
What are the prime factors of 3649433?
23, 101, 1571
List the prime factors of 1645744.
2, 102859
What are the prime factors of 28121?
61, 461
What are the prime factors of 328192?
2, 641
What are the prime factors of 3203654?
2, 769, 2083
List the prime factors of 3968448.
2, 3, 11, 1879
What are the prime factors of 4998805?
5, 7, 19, 7517
List the prime factors of 170922.
2, 3, 61, 467
What are the prime factors of 2525019?
3, 7, 89, 193
What are the prime factors of 1831876?
2, 157, 2917
List the prime factors of 41396.
2, 79, 131
What are the prime factors of 1896293?
7, 270899
List the prime factors of 59141.
59141
What are the prime factors of 365761?
11, 41, 811
What are the prime factors of 600112?
2, 37507
List the prime factors of 472629.
3, 157543
What are the prime factors of 57003